alse
Is 48629 a composite number?
True
Is 77489 a composite number?
False
Is 46549 composite?
False
Is 191171 composite?
True
Is 360722 composite?
True
Is 5917 a composite number?
True
Is 404873 composite?
True
Is 93437 a composite number?
True
Is 2993551 a composite number?
True
Is 1047029 prime?
False
Is 27389 prime?
False
Is 172021 prime?
True
Is 135829 a composite number?
False
Is 9651 a composite number?
True
Is 10393 a prime number?
False
Is 18701 a composite number?
False
Is 172277 a prime number?
False
Is 143441 a prime number?
False
Is 2735 composite?
True
Is 191669 composite?
False
Is 111577 a composite number?
False
Is 28181 a prime number?
True
Is 69899 a composite number?
False
Is 17785 composite?
True
Is 106163 a composite number?
False
Is 17707 a prime number?
True
Is 2153 prime?
True
Is 124979 a composite number?
False
Is 12071 prime?
True
Is 12569 a prime number?
True
Is 38107 a prime number?
False
Is 154753 a prime number?
True
Is 416921 a prime number?
False
Is 3881 a prime number?
True
Is 58933 a composite number?
True
Is 10277 prime?
False
Is 19645 composite?
True
Is 8513 composite?
False
Is 27353 composite?
True
Is 178251 composite?
True
Is 304091 prime?
True
Is 9169 composite?
True
Is 131249 composite?
False
Is 29123 composite?
False
Is 213343 composite?
True
Is 287669 a composite number?
False
Is 7669 composite?
False
Is 44413 composite?
True
Is 10781 a prime number?
True
Is 26997 a prime number?
False
Is 649931 a composite number?
True
Is 260713 a composite number?
False
Is 1068191 a prime number?
True
Is 66637 composite?
True
Is 1829 composite?
True
Is 68441 prime?
False
Is 88289 a composite number?
False
Is 24133 composite?
False
Is 474061 prime?
False
Is 112323 prime?
False
Is 793 prime?
False
Is 75947 composite?
True
Is 6932531 a composite number?
False
Is 45599 composite?
False
Is 28387 prime?
True
Is 16249 a composite number?
False
Is 17231 a composite number?
False
Is 413 prime?
False
Is 285697 a composite number?
False
Is 162107 a composite number?
True
Is 2628913 prime?
False
Is 262009 composite?
True
Is 3491 composite?
False
Is 436957 prime?
True
Is 72107 a composite number?
True
Is 66841 a prime number?
True
Is 144289 composite?
False
Is 18489 a prime number?
False
Is 164753 prime?
False
Is 2099 a composite number?
False
Is 608107 composite?
True
Is 3761 prime?
True
Is 24883 composite?
True
Is 62183 a prime number?
False
Is 49615 prime?
False
Is 456137 a prime number?
False
Is 6787 prime?
False
Is 1239207 composite?
True
Is 86813 composite?
False
Is 126537 a prime number?
False
Is 369914 a composite number?
True
Is 398207 a composite number?
False
Is 77557 a prime number?
True
Is 241567 composite?
False
Is 28115 composite?
True
Is 65477 a prime number?
False
Is 985519 a prime number?
True
Is 22583 a composite number?
True
Is 1688111 composite?
True
Is 20941 a composite number?
True
Is 162343 prime?
True
Is 66485 prime?
False
Is 3953 a composite number?
True
Is 3397549 a composite number?
False
Is 266483 composite?
True
Is 5669 prime?
True
Is 6941 a prime number?
False
Is 71571 prime?
False
Is 344609 a prime number?
False
Is 29101 a composite number?
False
Is 673 a prime number?
True
Is 141371 a composite number?
False
Is 55643 prime?
False
Is 39901 a prime number?
True
Is 1591 a composite number?
True
Is 559177 composite?
False
Is 1055 a prime number?
False
Is 1219 composite?
True
Is 15259 prime?
True
Is 2509 a composite number?
True
Is 7087 prime?
False
Is 60587 prime?
False
Is 34735 prime?
False
Is 983327 a composite number?
False
Is 208903 a composite number?
True
Is 3491 composite?
False
Is 18973 a prime number?
True
Is 1379897 composite?
False
Is 1077641 a prime number?
True
Is 445679 prime?
False
Is 703658 composite?
True
Is 907 composite?
False
Is 25031 a composite number?
False
Is 32127 composite?
True
Is 66098 a composite number?
True
Is 227521 a prime number?
False
Is 3989 a prime number?
True
Is 5899 composite?
True
Is 199799 prime?
True
Is 5813803 a prime number?
True
Is 9865 prime?
False
Is 1662517 a composite number?
False
Is 356803 a prime number?
True
Is 11573 prime?
False
Is 52031 prime?
False
Is 42479 prime?
False
Is 14599 composite?
True
Is 578635 composite?
True
Is 65753 composite?
True
Is 19063 prime?
False
Is 667949 a composite number?
False
Is 16879 composite?
False
Is 4511 a prime number?
False
Is 16357 composite?
True
Is 131101 a composite number?
False
Is 337333 composite?
True
Is 4861 prime?
True
Is 300277 a prime number?
True
Is 9199 composite?
False
Is 9311 a prime number?
True
Is 46639 composite?
False
Is 5671 a prime number?
False
Is 1212697 composite?
False
Is 150023 a composite number?
True
Is 2333 a prime number?
True
Is 39523 prime?
False
Is 386 composite?
True
Is 103613 prime?
True
Is 95173 composite?
True
Is 383335 prime?
False
Is 5323 composite?
False
Is 6977 a composite number?
False
Is 820255 prime?
False
Is 744083 a prime number?
True
Is 539377 prime?
False
Is 9091 composite?
False
Is 5127 prime?
False
Is 1114177 a prime number?
False
Is 33763 prime?
False
Is 10841 prime?
False
Is 57961 composite?
True
Is 89173 a prime number?
False
Is 4309 prime?
False
Is 48949 a composite number?
True
Is 32831 a prime number?
True
Is 4889 a composite number?
False
Is 8663 a prime number?
True
Is 57253 a composite number?
True
Is 18101 prime?
False
Is 116353 a prime number?
False
Is 74699 a composite number?
False
Is 2120819 a prime number?
True
Is 84359 a composite number?
True
Is 7061 a prime number?
False
Is 57367 prime?
True
Is 380753 prime?
True
Is 45377 a prime number?
True
Is 1597 a composite number?
False
Is 77881 a prime number?
False
Is 146141 a prime number?
True
Is 1464357 prime?
False
Is 5509859 a composite number?
False
Is 899842 composite?
True
Is 25273 a composite number?
True
Is 117158 composite?
True
Is 841627 a composite number?
True
Is 38581 prime?
False
Is 179261 composite?
False
Is 110017 composite?
False
Is 53689 a composite number?
True
Is 1039591 a prime number?
False
Is 4931 a composite number?
False
Is 563531 a composite number?
True
Is 3671 a composite number?
False
Is 49598 a composite number?
True
Is 271103 a composite number?
True
Is 2977 a composite number?
True
Is 323331 prime?
False
Is 16679 a prime number?
False
Is 7993 composite?
False
Is 86063 a composite number?
True
Is 1267193 prime?
True
Is 895403 prime?
False
Is 6733 a composite number?
False
Is 25561 composite?
False
Is 179603 composite?
False
Is 14583 a prime number?
False
Is 313301 prime?
True
Is 341041 composite?
False
Is 32393 composite?
True
Is 7121 composite?
False
Is 174451 a composite number?
True
Is 129871 a composite number?
True
Is 159647 composite?
True
Is 5987 a composite number?
False
Is 31567 composite?
False
Is 35031 prime?
False
Is 6593 prime?
False
Is 48017 prime?
True
Is 2531 a composite number?
False
Is 452541 a composite number?
True
Is 32755 prime?
False
Is 10243 a prime number?
True
Is 53871 a prime number?
False
Is 19661 composite?
False
Is 4533 a prime number?
False
Is 247123 composite?
True
Is 1676557 composite?
True
Is 1637 prime?
True
Is 113519 a composite number?
True
Is 385171 composite?
False
Is 229883 a prime number?
False
Is 30983 a prime number?
True
Is 2436815 prime?
False
Is 52223 a prime number?
True
Is 38215 composite?
True
Is 1597 composite?
False
Is 113222 a composite number?
True
Is 648079 prime?
True
Is 25963 composite?
True
Is 852101 a prime number?
True
Is 199327 prime?
False
Is 3487 a prime number?
False
Is 13139 a composite number?
True
Is 1717 a prime number?
False
Is 666803 a prime number?
False
Is 62581 a prime number?
True
Is 135173 prime?
True
Is 107843 a composite number?
False
Is 257173 composite?
True
Is 2415727 prime?
False
Is 99941 a composite number?
True
Is 4369 composite?
True
Is 13223 a composite number?
True
Is 2407 a prime number?
False
Is 38579 a composite number?
True
Is 24397 a prime number?
False
Is 78101 a composite number?
False
Is 17833 a composite number?
True
Is 127 composite?
False
Is 35729 a prime number?
True
Is 54869 composite?
False
Is 9293 composite?
False
Is 187043 a prime number?
True
Is 413 composite?
True
Is 53369 composite?
True
Is 209431 a composite number?
False
Is 761537 prime?
False
Is 2797 composite?
F